{"id":301,"date":"2020-08-06T18:02:16","date_gmt":"2020-08-06T16:02:16","guid":{"rendered":"http:\/\/voicisalyre.com\/?page_id=301"},"modified":"2020-08-06T18:02:16","modified_gmt":"2020-08-06T16:02:16","slug":"mentions-legales","status":"publish","type":"page","link":"https:\/\/voicisalyre.com\/index.php\/mentions-legales\/","title":{"rendered":"Mentions l\u00e9gales :"},"content":{"rendered":"\n<p>Nom : Savoi<\/p>\n\n\n\n<p>Pr\u00e9nom : Cyrille<\/p>\n\n\n\n<p>Adresse : 11 rue Fernand Forest 69600 Oullins (France)<\/p>\n\n\n\n<p>T\u00e9l\u00e9phone : 06 64 23 91 86<\/p>\n\n\n\n<p>e.mail : savoi-cyrille@wanadoo.fr<\/p>\n\n\n\n<p>Administrateur du site : Cyrille Savoi<\/p>\n","protected":false},"excerpt":{"rendered":"<p>Nom : Savoi Pr\u00e9nom : Cyrille Adresse : 11 rue Fernand Forest 69600 Oullins (France) T\u00e9l\u00e9phone : 06 64 23 91 86 e.mail : savoi-cyrille@wanadoo.fr Administrateur du site : Cyrille Savoi<\/p>\n","protected":false},"author":1,"featured_media":0,"parent":0,"menu_order":0,"comment_status":"closed","ping_status":"closed","template":"","meta":{"spay_email":""},"_links":{"self":[{"href":"https:\/\/voicisalyre.com\/index.php\/wp-json\/wp\/v2\/pages\/301"}],"collection":[{"href":"https:\/\/voicisalyre.com\/index.php\/wp-json\/wp\/v2\/pages"}],"about":[{"href":"https:\/\/voicisalyre.com\/index.php\/wp-json\/wp\/v2\/types\/page"}],"author":[{"embeddable":true,"href":"https:\/\/voicisalyre.com\/index.php\/wp-json\/wp\/v2\/users\/1"}],"replies":[{"embeddable":true,"href":"https:\/\/voicisalyre.com\/index.php\/wp-json\/wp\/v2\/comments?post=301"}],"version-history":[{"count":1,"href":"https:\/\/voicisalyre.com\/index.php\/wp-json\/wp\/v2\/pages\/301\/revisions"}],"predecessor-version":[{"id":302,"href":"https:\/\/voicisalyre.com\/index.php\/wp-json\/wp\/v2\/pages\/301\/revisions\/302"}],"wp:attachment":[{"href":"https:\/\/voicisalyre.com\/index.php\/wp-json\/wp\/v2\/media?parent=301"}],"curies":[{"name":"wp","href":"https:\/\/api.w.org\/{rel}","templated":true}]}}